s the remainder when 135970 is divided by 38?
6
Calculate the remainder when 3073 is divided by 81.
76
What is the remainder when 4305 is divided by 726?
675
What is the remainder when 46883 is divided by 1019?
9
What is the remainder when 20980 is divided by 1049?
0
Calculate the remainder when 60827 is divided by 23.
15
Calculate the remainder when 8199 is divided by 685.
664
What is the remainder when 2511 is divided by 1167?
177
Calculate the remainder when 9321 is divided by 5.
1
Calculate the remainder when 197992 is divided by 128.
104
What is the remainder when 2885 is divided by 803?
476
Calculate the remainder when 11666 is divided by 3765.
371
Calculate the remainder when 7775 is divided by 91.
40
Calculate the remainder when 1300604 is divided by 1397.
1394
What is the remainder when 541336 is divided by 718?
682
What is the remainder when 10622 is divided by 66?
62
Calculate the remainder when 8397 is divided by 603.
558
Calculate the remainder when 4749 is divided by 2185.
379
What is the remainder when 21317 is divided by 646?
645
What is the remainder when 101138 is divided by 389?
387
Calculate the remainder when 165061 is divided by 88.
61
What is the remainder when 209782 is divided by 1467?
1
Calculate the remainder when 21026 is divided by 62.
8
Calculate the remainder when 2626 is divided by 98.
78
What is the remainder when 16259 is divided by 3187?
324
Calculate the remainder when 238089 is divided by 43.
41
Calculate the remainder when 23693 is divided by 23677.
16
What is the remainder when 2012 is divided by 38?
36
Calculate the remainder when 2555 is divided by 83.
65
What is the remainder when 106950 is divided by 247?
246
What is the remainder when 29700 is divided by 1980?
0
Calculate the remainder when 9332 is divided by 51.
50
What is the remainder when 1740 is divided by 276?
84
Calculate the remainder when 6226 is divided by 785.
731
Calculate the remainder when 44290 is divided by 714.
22
What is the remainder when 90299 is divided by 301?
300
What is the remainder when 4815 is divided by 452?
295
What is the remainder when 44872 is divided by 1795?
1792
Calculate the remainder when 40025 is divided by 19999.
27
Calculate the remainder when 1521 is divided by 483.
72
What is the remainder when 5415657 is divided by 27?
24
Calculate the remainder when 180618 is divided by 183.
180
What is the remainder when 731144 is divided by 5757?
5
What is the remainder when 37173 is divided by 372?
345
Calculate the remainder when 3440 is divided by 1270.
900
Calculate the remainder when 42811 is divided by 6112.
27
Calculate the remainder when 30695 is divided by 2192.
7
What is the remainder when 15490 is divided by 155?
145
What is the remainder when 805 is divided by 789?
16
What is the remainder when 2479 is divided by 826?
1
Calculate the remainder when 16198 is divided by 10.
8
Calculate the remainder when 66042 is divided by 105.
102
What is the remainder when 82713 is divided by 366?
363
Calculate the remainder when 1099 is divided by 998.
101
What is the remainder when 214764 is divided by 5?
4
Calculate the remainder when 6562 is divided by 2567.
1428
Calculate the remainder when 10266 is divided by 3421.
3
Calculate the remainder when 1081 is divided by 1079.
2
What is the remainder when 31241 is divided by 1006?
55
Calculate the remainder when 32622 is divided by 4076.
14
What is the remainder when 1699 is divided by 66?
49
What is the remainder when 16098 is divided by 222?
114
What is the remainder when 32615 is divided by 526?
3
What is the remainder when 216798 is divided by 271?
269
What is the remainder when 106320 is divided by 8860?
0
What is the remainder when 13857 is divided by 270?
87
Calculate the remainder when 995 is divided by 41.
11
Calculate the remainder when 3401 is divided by 3380.
21
What is the remainder when 12880 is divided by 322?
0
What is the remainder when 1689 is divided by 35?
9
Calculate the remainder when 4304 is divided by 20.
4
Calculate the remainder when 11229 is divided by 5607.
15
Calculate the remainder when 1678 is divided by 129.
1
What is the remainder when 192863 is divided by 656?
655
Calculate the remainder when 10199 is divided by 6.
5
What is the remainder when 7328261 is divided by 57?
56
What is the remainder when 13378 is divided by 30?
28
Calculate the remainder when 149590 is divided by 374.
364
What is the remainder when 172849 is divided by 158?
155
Calculate the remainder when 691660 is divided by 138330.
10
Calculate the remainder when 103391 is divided by 144.
143
Calculate the remainder when 141214 is divided by 16.
14
Calculate the remainder when 1036439 is divided by 519.
515
Calculate the remainder when 5323 is divided by 24.
19
What is the remainder when 54815 is divided by 1119?
1103
Calculate the remainder when 92771 is divided by 18538.
81
Calculate the remainder when 600171 is divided by 44.
11
What is the remainder when 14429 is divided by 26?
25
What is the remainder when 233438 is divided by 16?
14
Calculate the remainder when 5411 is divided by 1231.
487
Calculate the remainder when 12130 is divided by 2780.
1010
Calculate the remainder when 1385 is divided by 154.
153
Calculate the remainder when 64271 is divided by 177.
20
What is the remainder when 27921 is divided by 9?
3
Calculate the remainder when 145662 is divided by 36412.
14
Calculate the remainder when 40487 is divided by 16.
7
Calculate the remainder when 349687 is divided by 17.
14
What is the remainder when 116190 is divided by 49?
11
Calculate the remainder when 4324 is divided by 85.
74
Calculate the remainder when 4456 is divided by 31.
23
What is the remainder when 4341 is divided by 591?
204
What is the remainder when 104037 is divided by 273?
24
What is the remainder when 31561 is divided by 48?
25
Calculate the remainder when 99086 is divided by 62.
10
Calculate the remainder when 14665 is divided by 67.
59
What is the remainder when 21565 is divided by 15?
10
Calculate the remainder when 131400 is divided by 76.
72
What is the remainder when 11703 is divided by 63?
48
Calculate the remainder when 3204 is divided by 3153.
51
Calculate the remainder when 172082 is divided by 1933.
45
What is the remainder when 1251 is divided by 1223?
28
What is the remainder when 115809 is divided by 73?
31
What is the remainder when 18694 is divided by 1098?
28
Calculate the remainder when 11551 is divided by 1653.
1633
What is the remainder when 248050 is divided by 264?
154
Calculate the remainder when 18655 is divided by 6213.
16
Calculate the remainder when 723353 is divided by 62.
61
What is the remainder when 12447 is divided by 328?
311
Calculate the remainder when 5098 is divided by 263.
101
Calculate the remainder when 3000 is divided by 734.
64
Calculate the remainder when 91198 is divided by 162.
154
What is the remainder when 945 is divided by 340?
265
Calculate the remainder when 37092 is divided by 132.
0
What is the remainder when 54149 is divided by 54133?
16
What is the remainder when 45055 is divided by 154?
87
What is the remainder when 3996 is divided by 569?
13
Calculate the remainder when 1741 is divided by 1715.
26
What is the remainder when 3425 is divided by 66?
59
Calculate the remainder when 4440 is divided by 166.
124
What is the remainder when 6191 is divided by 508?
95
Calculate the remainder when 149718 is divided by 190.
188
What is the remainder when 4155624 is divided by 5?
4
What is the remainder when 2029 is divided by 41?
20
Calculate the remainder when 28449 is divided by 90.
9
What is the remainder when 12215 is divided by 998?
239
What is the remainder when 108963 is divided by 703?
701
What is the remainder when 1641 is divided by 162?
21
Calculate the remainder when 1450 is divided by 720.
10
What is the remainder when 14140025 is divided by 739?
738
Calculate the remainder when 23883 is divided by 1979.
135
What is the remainder when 11663 is divided by 785?
673
Calculate the remainder when 54179 is divided by 5.
4
Calculate the remainder when 716 is divided by 104.
92
What is the remainder when 418683 is divided by 222?
213
What is the remainder when 51866 is divided by 153?
152
What is the remainder when 13951 is divided by 47?
39
Wha